 the units digit of 268/14 - (-1)/p?
9
Let l(v) = 4*v**2 - 3*v - 1. Let f be l(-2). Let p be 90/f - (-4)/(-14). Suppose p*y = 2*y + 12. What is the units digit of y?
6
Suppose -5*u = -118 - 27. What is the units digit of u?
9
Suppose 0 = -5*f - 15 + 150. What is the units digit of f?
7
Let x(c) = -c**3 + 4*c**2 - 3*c. Let h be x(2). Suppose 0 = -2*b - h*b + 44. What is the tens digit of b?
1
Let p(r) be the second derivative of -7/12*r**4 - 2*r**2 - 3*r + 1/6*r**3 + 0 + 1/20*r**5. What is the units digit of p(7)?
3
Let d = 29 - 12. Let i(z) = 2*z - 19. Let v be i(8). Let g = v + d. What is the units digit of g?
4
Let i be (1 + -1)/(2 - 0). Suppose 2*z - 8 + 20 = i. What is the units digit of ((-84)/z)/(1 - -1)?
7
Suppose -5*i - 2*l + 36 = 0, -4*l = 4*i + l - 39. Let w(v) = i*v**2 + 3*v - 3*v**2 - 4*v**2 + 4*v - 5. What is the units digit of w(5)?
5
Let m(c) = -c**2 - 11*c + 9. What is the tens digit of m(-8)?
3
Let w(p) = 2*p - 1. Let f be w(3). Let m be -3 + 1 - (-1 - f). What is the units digit of m/(-14) + 132/21?
6
Let v(j) = -j**2 - 3*j. Let n be v(-3). Suppose -4*h - 5*q = -8, -6 + n = -3*h - 3*q. Suppose 66 = -h*i + 5*i. What is the tens digit of i?
2
Let q(k) = k**2 + 7*k - 5. Let l be q(-8). Suppose l*r - 100 = -2*r. What is the units digit of r?
0
Suppose 0*j = 3*j + b - 215, 0 = -2*j - 2*b + 142. What is the units digit of j?
2
What is the units digit of (3/12*6)/(6/472)?
8
Let d(a) = -a**3 - 11*a**2 + 8*a + 10. Let n be d(-11). What is the units digit of 8/12*n/(-4)?
3
Suppose -f = 4*f - 20. Suppose f*i - 56 = 16. What is the units digit of i?
8
What is the units digit of (50/(-15))/((-12)/558)?
5
Let o be (-1 - 0)*0/10. Suppose 2*f = -3*n + 19, o = f - n - 2 - 5. What is the units digit of f?
8
Let m(k) = 3*k**3 - k. Let a be m(1). Suppose -3*l = 4*j + 132, l - 2*j + 63 = 19. What is the units digit of a/4 - l/8?
6
Let b = 9 + -4. Let i = b - 1. Let h(n) = -n**3 + 3*n**2 + 5*n - 2. What is the units digit of h(i)?
2
Let f = 145 - 95. Let u = f - 19. What is the units digit of u?
1
Let z = 10 - 8. Suppose -z*p - p = -36. What is the tens digit of p?
1
Let p(l) = l**2 + 2*l - 10. What is the units digit of p(-8)?
8
Suppose -5 = 2*t - 5*m, 0 = -2*t - 5*m + 17 + 28. What is the tens digit of t?
1
Suppose 0 = 2*r + 1 - 7. Suppose -11 + 4 = -r*z - 4*o, z + 5*o = -16. What is the units digit of z?
9
Let h = 169 - 116. What is the units digit of h?
3
What is the tens digit of 38/76*(69 + 2/(-2))?
3
Let s be 2/3 + 41/(-3). Let t = s + 19. What is the units digit of t?
6
Suppose 0*a = a - 3*r - 1, 0 = -5*r. Suppose 2*i = -0*i + 6. Suppose -4*m = -a - i. What is the units digit of m?
1
Let s(n) = -3*n - 9. Let y be s(-8). Let x be y*-2*2/3. What is the tens digit of 6/(-15) - 268/x?
1
Let o = -294 + 420. What is the tens digit of o?
2
Let p be (-1 - -3)/(-6)*-12. Suppose 3*g = -m + g + 7, -m + p*g = -7. What is the units digit of m?
7
Suppose 5*f - 4 = 2*i, -2*f = -2*i - 2 + 4. Suppose f = w - 6. What is the units digit of w?
8
Let i = -9 - -15. Let l = i + 29. Suppose 3*u - 2*u = -2*z + 25, 4*z - l = u. What is the tens digit of z?
1
Let z be 1/(-2)*174/(-3). Suppose 5*j - 78 = -4*y, 3*y + 27 = 2*j - j. Let p = z - j. What is the tens digit of p?
1
Suppose 5*m + 2*g + 414 = 4*g, -5*g + 153 = -2*m. Let i = m + 59. Let o = -16 - i. What is the units digit of o?
9
What is the tens digit of -2*((-679)/42 + (-1)/3)?
3
Suppose -2*a + 5*s + 44 = 0, -19 + 95 = 5*a - 4*s. What is the tens digit of a?
1
Let o(t) = -3 + 2 + t**3 + 3*t - 5*t**2 + t + t. What is the units digit of o(4)?
3
Let p = -2 - -7. Suppose -d - q = 2*q - 4, 3*d - 54 = p*q. What is the tens digit of d?
1
Suppose 0*s + 60 = 4*i - 5*s, 0 = -3*i - 3*s + 45. Suppose r + 4*r = i. What is the units digit of r?
3
Let r be (-5)/(-25) - (-4)/5. Suppose 5*k = 4*k + r. What is the units digit of k?
1
Let j(q) = q - 1. Suppose 0 = 7*v - 3*v - 20. What is the units digit of j(v)?
4
Suppose 0*q - 333 = -3*q. Let u = q - 59. Suppose -17 = 5*l - u. What is the units digit of l?
7
Let d = -1 + 4. Suppose -4*f + 2 - 12 = -2*q, -42 = -d*q - 3*f. What is the units digit of q?
1
Let s be 20/(-30)*8*-3. What is the units digit of (s/(-20))/((-4)/130)?
6
Let y(t) = t**2 - 6*t - 2. Let v = -7 - -16. What is the tens digit of y(v)?
2
Let z = 42 + -13. What is the tens digit of z?
2
Let l = 1 - -7. Suppose -2*a - 5*v = -20 - 5, -2*v - l = -a. What is the units digit of a?
0
What is the tens digit of (-279)/(-2)*(1/(-3) + 1)?
9
Suppose -12 = 5*o - 2*o. Let t be (-38)/(-9) + o/18. Suppose -b + u = t*u + 5, -4*b + u = -32. What is the units digit of b?
7
Let f be ((-11)/(-5) - 1)*-5. Let w(x) = -x - 10. Let y be w(f). What is the tens digit of 48/5 - y/10?
1
Suppose -4*d + 20 + 20 = v, -v = 0. Let p = 9 - d. Let c(g) = -15*g**3 + g**2 - 1. What is the units digit of c(p)?
5
What is the hundreds digit of (-36)/(-42)*(119 - 0)?
1
Let q(c) = 53*c - 3. Let i be q(4). Suppose -7*a - 6 = -i. What is the units digit of a?
9
Let b be 2*((-15)/6)/(-1). Suppose -b*d + d = -56. What is the units digit of d?
4
Suppose -t + 18 = -0*t. Let r = 8 + t. What is the units digit of r?
6
Let c(n) be the second derivative of n**4/12 + n**3/3 - n**2 - 4*n. What is the units digit of c(4)?
2
Let t(v) be the third derivative of v**4/8 - v**3 + 3*v**2. Let r(z) = 4*z - 7. Let b(u) = 4*r(u) - 5*t(u). What is the tens digit of b(8)?
1
Let g(j) = j**3 - j**2 - j + 24. Suppose 0 = 9*p - 10*p. What is the tens digit of g(p)?
2
Let u be (-12)/(-8)*16/6. Suppose 0 = -u*g + 16 + 4. Let h(a) = -a**2 + 6*a + 1. What is the units digit of h(g)?
6
Let f = -2 + 5. Suppose 2*m = -f*a + 2, a + 1 - 13 = 5*m. Let o = 4 - a. What is the units digit of o?
2
Let a = 43 - 20. Let b = a - 14. What is the units digit of b?
9
Let v be (-3)/(-4) + 19/(-4). Let d be 68/7 - v/14. Let i = d + 0. What is the tens digit of i?
1
Let a = -113 - -178. What is the units digit of a?
5
Let o be (2 - (-1)/(-1))*1. Let y be (3 + 2/(-1))*4. Suppose o = p - y. What is the units digit of p?
5
Let g(s) be the second derivative of s**4/12 - s**3 + 3*s**2/2 - 3*s. What is the units digit of g(7)?
0
Let x(b) = 3*b**2 - 4*b**2 + 6*b**2. Let i(g) = -g**3 + 3*g**2 + 5*g - 5. Let h be i(4). What is the units digit of x(h)?
5
Let f be (0 - 0) + 1 + 2. Suppose f*z - 20 = -z. Suppose 33 + 19 = 4*x + 2*d, -5*d + 75 = z*x. What is the units digit of x?
1
What is the tens digit of 10/(-4)*112/(-20)?
1
Let w = 47 + 189. What is the hundreds digit of w?
2
Let i = 95 - 67. What is the tens digit of i?
2
Let n(s) = s**3 - 4*s**2 - 6*s + 4. Let g be n(5). What is the units digit of g + -1 + 3 - 0?
1
Let d(w) = 3*w**3 - 3*w**2 + 4*w + 5. What is the units digit of d(4)?
5
Suppose -2*v = -3*v + 2. Suppose -v*h = -h - 4. Suppose -3*y = 2*y + h*b - 22, -3*y - 5*b + 21 = 0. What is the units digit of y?
2
Suppose -t + 0*t = 4*p - 30, 5*p + 4*t - 32 = 0. What is the units digit of 1 - (p + 0)/(-2)?
5
Suppose -5*p + 220 = 5*c, p = -3*c + 3*p + 122. What is the tens digit of c?
4
Suppose 53 = -v + 56. What is the units digit of v?
3
Let f = -446 - -692. What is the tens digit of f?
4
Suppose o + 5*k + 15 = 0, 5*o + 7*k - 3*k + 54 = 0. Let f = -6 - o. What is the units digit of f?
4
Let p = 2 + -2. Suppose p = -3*v + 12 - 3. Suppose 2*n - 6 = 2*l, v*n + 3*l + 1 + 2 = 0. What is the units digit of n?
1
Suppose 2*n - 32 = -2*u + n, -3*u = 3*n - 48. Suppose 3*d - u = d. What is the units digit of d?
8
Suppose -5 = 5*o + 2*u, 0 = -5*o + u - 1 + 11. Let m(n) = 2*n. What is the units digit of m(o)?
2
Let d(a) = 4*a**2 + a. Let q be d(-1). What is the units digit of 63/3 - (4 - q)?
0
Let x(g) = -33*g**3 + g. What is the tens digit of x(-1)?
3
Let k be (4 - 14)*3/(-6). Let y(w) = 4*w + 6. What is the tens digit of y(k)?
2
Let s be (12/15)/(4/10). Suppose -s*q = -27 - 11. What is the units digit of q?
9
Suppose 9 = 5*f - 6. Suppose 3*n - 30 = f*b, -4*n + b - 16 = -50. Suppose -3*t + n*t = -2*r + 11, -t = 2*r - 7. What is the units digit of t?
1
Let r be 3*(0 - -1) - -1. Let y be -1 + 3/3 - -1. Suppose y = r*w - 3. What is the units digit of w?
1
Suppose -h + 2*d - 9 = 0, 2*d - 7*d = -h - 15. Let p = h - -11. Suppose -35 = -p*t + t. What is the units digit of t?
7
Suppose 2*z = w, 0 = -z - 6*w + 3*w + 14. 